{"id":47,"date":"2016-05-20T09:15:00","date_gmt":"2016-05-20T09:15:00","guid":{"rendered":"http:\/\/dev.marinanewrichmond.com\/?page_id=47"},"modified":"2025-06-01T19:04:43","modified_gmt":"2025-06-01T23:04:43","slug":"conseil-dadministration","status":"publish","type":"page","link":"https:\/\/www.marinanewrichmond.com\/index.php\/le-club\/conseil-dadministration\/","title":{"rendered":"Conseil d&rsquo;administration et objectifs"},"content":{"rendered":"<h3><strong><img loading=\"lazy\" class=\"wp-image-359 alignright\" src=\"\/wp-content\/uploads\/2017\/04\/CNNR-logo-nouveau-2-1024x956.png\" alt=\"CNNR logo nouveau 2\" width=\"360\" height=\"336\" srcset=\"https:\/\/www.marinanewrichmond.com\/wp-content\/uploads\/2017\/04\/CNNR-logo-nouveau-2-1024x956.png 1024w, https:\/\/www.marinanewrichmond.com\/wp-content\/uploads\/2017\/04\/CNNR-logo-nouveau-2-300x280.png 300w, https:\/\/www.marinanewrichmond.com\/wp-content\/uploads\/2017\/04\/CNNR-logo-nouveau-2-768x717.png 768w, https:\/\/www.marinanewrichmond.com\/wp-content\/uploads\/2017\/04\/CNNR-logo-nouveau-2.png 1364w\" sizes=\"(max-width: 360px) 100vw, 360px\" \/><\/strong><strong>Objectifs du Club Nautique de New Richmond<\/strong><\/h3>\n<ul>\n<li>Regrouper tous les citoyens d\u00e9sireux de promouvoir et accro\u00eetre les activit\u00e9s aquatiques et nautiques de la r\u00e9gion de New Richmond;<\/li>\n<li>Am\u00e9liorer les conditions de la navigation sportive de plaisance et mettre sur pied des installations pour faciliter l&rsquo;exercice des sports nautiques;<\/li>\n<li>Prot\u00e9ger, abriter et faciliter l&rsquo;entretien des embarcations des membres et, \u00e0 cette fin, recueillir des fonds, acqu\u00e9rir et administrer des biens meubles et immeubles;<\/li>\n<li>Organiser des comp\u00e9titions sportives telles des r\u00e9gates pour toutes sortes d&#8217;embarcations;<\/li>\n<li>Se joindre \u00e0 d&rsquo;autres associations ou groupements ayant des objets similaires.<\/li>\n<\/ul>\n<h3><strong>Membres du conseil\u00a0d&rsquo;administration<\/strong><\/h3>\n<p>Yves Lefebvre :\u00a0 \u00a0 \u00a0Pr\u00e9sident \/ Commodore<br \/>\nRichard Roy :\u00a0 \u00a0 \u00a0 \u00a0Vice-pr\u00e9sident<br \/>\nF\u00e9lix Boudreau :\u00a0 \u00a0 \u00a0 Secr\u00e9taire<br \/>\nGenevi\u00e8ve Lejeune :\u00a0 \u00a0 Tr\u00e9sori\u00e8re<br \/>\nLouis-Robert Sleigher :\u00a0 \u00a0Administrateur<br \/>\nR\u00e9jean Leblanc :\u00a0 \u00a0 \u00a0Administrateur<br \/>\nMichel Babin :\u00a0 \u00a0 \u00a0 Administrateur<\/p>\n","protected":false},"excerpt":{"rendered":"<p>Objectifs du Club Nautique de New Richmond Regrouper tous les citoyens d\u00e9sireux de promouvoir et accro\u00eetre les activit\u00e9s aquatiques et nautiques de la r\u00e9gion de New Richmond; Am\u00e9liorer les conditions de la navigation sportive de plaisance et mettre sur pied des installations pour faciliter l&rsquo;exercice des sports nautiques; Prot\u00e9ger, abriter et faciliter l&rsquo;entretien des embarcations [&hellip;]<\/p>\n","protected":false},"author":1,"featured_media":0,"parent":186,"menu_order":2,"comment_status":"closed","ping_status":"closed","template":"","meta":[],"_links":{"self":[{"href":"https:\/\/www.marinanewrichmond.com\/index.php\/wp-json\/wp\/v2\/pages\/47"}],"collection":[{"href":"https:\/\/www.marinanewrichmond.com\/index.php\/wp-json\/wp\/v2\/pages"}],"about":[{"href":"https:\/\/www.marinanewrichmond.com\/index.php\/wp-json\/wp\/v2\/types\/page"}],"author":[{"embeddable":true,"href":"https:\/\/www.marinanewrichmond.com\/index.php\/wp-json\/wp\/v2\/users\/1"}],"replies":[{"embeddable":true,"href":"https:\/\/www.marinanewrichmond.com\/index.php\/wp-json\/wp\/v2\/comments?post=47"}],"version-history":[{"count":32,"href":"https:\/\/www.marinanewrichmond.com\/index.php\/wp-json\/wp\/v2\/pages\/47\/revisions"}],"predecessor-version":[{"id":765,"href":"https:\/\/www.marinanewrichmond.com\/index.php\/wp-json\/wp\/v2\/pages\/47\/revisions\/765"}],"up":[{"embeddable":true,"href":"https:\/\/www.marinanewrichmond.com\/index.php\/wp-json\/wp\/v2\/pages\/186"}],"wp:attachment":[{"href":"https:\/\/www.marinanewrichmond.com\/index.php\/wp-json\/wp\/v2\/media?parent=47"}],"curies":[{"name":"wp","href":"https:\/\/api.w.org\/{rel}","templated":true}]}}