{"id":49,"date":"2016-05-20T09:16:09","date_gmt":"2016-05-20T09:16:09","guid":{"rendered":"http:\/\/dev.marinanewrichmond.com\/?page_id=49"},"modified":"2023-08-30T21:15:02","modified_gmt":"2023-08-31T01:15:02","slug":"historique","status":"publish","type":"page","link":"https:\/\/www.marinanewrichmond.com\/index.php\/le-club\/historique\/","title":{"rendered":"Historique et photos"},"content":{"rendered":"<h3 style=\"text-align: justify;\"><strong>Historique du Club Nautique de New Richmond<\/strong><\/h3>\n<p style=\"text-align: justify;\">Le premier quai construit \u00e0 New Richmond \u00e9tait utilis\u00e9 par les p\u00eacheurs et servait d&rsquo;abri au remorqueur, le Greta Vanderbulcke, utilis\u00e9 pour la drave et le flottage du bois vers les pulperies du Nouveau-Brunswick. Le Greta aurait coul\u00e9 en 1969 attach\u00e9 au quai.<\/p>\n<p style=\"text-align: justify;\">On y retrouvait aussi un bateau de plaisance, le Roumba, propri\u00e9t\u00e9 de M. R\u00e9al Cyr. Lors de la construction de l&rsquo;usine de papier de New Richmond en 1965, la Compagnie Bathurst Power and Paper y construisit un quai sur pilotis afin d&rsquo;exp\u00e9dier son papier. Ce mode de transport dura jusque vers 1975. Par la suite, le transport s&rsquo;effectuait par train et camions.<\/p>\n<p style=\"text-align: justify;\">Apr\u00e8s ce changement, le quai servait principalement pour l&rsquo;alimentation de l&rsquo;usine en mazout. Le vieux quai de bois \u00e9tait utilis\u00e9 pour la p\u00eache, celle-ci diminuant, les plaisanciers en prirent graduellement possession. Le 4 septembre 1974, les usagers se regroupent sous le nom de Club nautique de New Richmond inc.<\/p>\n<p>En 1993, la compagnie, propri\u00e9taire des installations, c\u00e8de son local, le quai de bois et certains terrains au Club Nautique qui, en devenant propri\u00e9taire, peut maintenant am\u00e9liorer les \u00e9quipements. Beaucoup de travail a \u00e9t\u00e9 fourni afin de consolider le vieux quai. \u2028\u2028Dans les ann\u00e9es 1990, le Club nautique a remplac\u00e9 une portion du quai de bois par le premier enrochement est-ouest.<\/p>\n<p style=\"text-align: justify;\">En 2004, il fallait r\u00e9nover la partie nord-sud (l&rsquo;ancien quai de bois). Au m\u00eame moment, la compagnie Smurfit Stone d\u00e9cide de r\u00e9nover le quai sur pilotis. La collaboration du club avec la compagnie fut tr\u00e8s profitable, car ils d\u00e9cid\u00e8rent d&rsquo;enrocher la partie du quai longeant le bassin de la marina.<\/p>\n<p style=\"text-align: justify;\">Avec les ann\u00e9es, les demandes de places \u00e0 la marina devenaient de plus en plus nombreuses. C&rsquo;est \u00e0 ce moment que le conseil<br \/>\nd&rsquo;administration s&rsquo;engage dans un ambitieux projet de d\u00e9veloppement en trois phases.<\/p>\n<p style=\"text-align: justify;\">La premi\u00e8re phase, r\u00e9alis\u00e9e en 2007, fut de doubler la longueur de l&rsquo;enrochement est-ouest.\u2028La deuxi\u00e8me phase, en 2011, consista \u00e0 draguer le bassin afin d&rsquo;ajouter un autre ponton principal au centre du bassin. Apr\u00e8s ces ajouts de pontons, la marina compte 62 emplacements pour les plaisanciers et 4 pour les p\u00eacheurs professionnels.\u2028La troisi\u00e8me phase, compl\u00e9t\u00e9e au printemps 2014, fut la r\u00e9fection de la capitainerie en lui ajoutant un deuxi\u00e8me \u00e9tage o\u00f9 se situe un bar-terrasse ouvert au public.<\/p>\n<h3 style=\"text-align: justify;\"><strong>Historique en photos<\/strong><\/h3>\n<figure id=\"attachment_384\" aria-describedby=\"caption-attachment-384\" style=\"width: 800px\" class=\"wp-caption alignnone\"><img loading=\"lazy\" class=\"size-full wp-image-384\" src=\"\/wp-content\/uploads\/2017\/04\/quai-1964.jpg\" alt=\"Quai, 1964\" width=\"800\" height=\"497\" srcset=\"https:\/\/www.marinanewrichmond.com\/wp-content\/uploads\/2017\/04\/quai-1964.jpg 800w, https:\/\/www.marinanewrichmond.com\/wp-content\/uploads\/2017\/04\/quai-1964-300x186.jpg 300w, https:\/\/www.marinanewrichmond.com\/wp-content\/uploads\/2017\/04\/quai-1964-768x477.jpg 768w\" sizes=\"(max-width: 800px) 100vw, 800px\" \/><figcaption id=\"caption-attachment-384\" class=\"wp-caption-text\">Quai, 1964<\/figcaption><\/figure>\n<figure id=\"attachment_383\" aria-describedby=\"caption-attachment-383\" style=\"width: 800px\" class=\"wp-caption alignnone\"><img loading=\"lazy\" class=\"size-full wp-image-383\" src=\"\/wp-content\/uploads\/2017\/04\/Quai-17-nov-1964.jpg\" alt=\"Quai, 17 nov. 1964\" width=\"800\" height=\"625\" srcset=\"https:\/\/www.marinanewrichmond.com\/wp-content\/uploads\/2017\/04\/Quai-17-nov-1964.jpg 800w, https:\/\/www.marinanewrichmond.com\/wp-content\/uploads\/2017\/04\/Quai-17-nov-1964-300x234.jpg 300w, https:\/\/www.marinanewrichmond.com\/wp-content\/uploads\/2017\/04\/Quai-17-nov-1964-768x600.jpg 768w\" sizes=\"(max-width: 800px) 100vw, 800px\" \/><figcaption id=\"caption-attachment-383\" class=\"wp-caption-text\">Quai, 17 nov. 1964<\/figcaption><\/figure>\n<figure id=\"attachment_382\" aria-describedby=\"caption-attachment-382\" style=\"width: 800px\" class=\"wp-caption alignnone\"><img loading=\"lazy\" class=\"size-full wp-image-382\" src=\"\/wp-content\/uploads\/2017\/04\/Quai-10-aout-1964.jpg\" alt=\"Quai, 10 ao\u00fbt 1964\" width=\"800\" height=\"629\" srcset=\"https:\/\/www.marinanewrichmond.com\/wp-content\/uploads\/2017\/04\/Quai-10-aout-1964.jpg 800w, https:\/\/www.marinanewrichmond.com\/wp-content\/uploads\/2017\/04\/Quai-10-aout-1964-300x236.jpg 300w, https:\/\/www.marinanewrichmond.com\/wp-content\/uploads\/2017\/04\/Quai-10-aout-1964-768x604.jpg 768w\" sizes=\"(max-width: 800px) 100vw, 800px\" \/><figcaption id=\"caption-attachment-382\" class=\"wp-caption-text\">Quai, 10 ao\u00fbt 1964<\/figcaption><\/figure>\n<figure id=\"attachment_386\" aria-describedby=\"caption-attachment-386\" style=\"width: 800px\" class=\"wp-caption alignnone\"><img loading=\"lazy\" class=\"size-full wp-image-386\" src=\"\/wp-content\/uploads\/2017\/04\/quai-1980.jpg\" alt=\"Quai, 1980\" width=\"800\" height=\"412\" srcset=\"https:\/\/www.marinanewrichmond.com\/wp-content\/uploads\/2017\/04\/quai-1980.jpg 800w, https:\/\/www.marinanewrichmond.com\/wp-content\/uploads\/2017\/04\/quai-1980-300x155.jpg 300w, https:\/\/www.marinanewrichmond.com\/wp-content\/uploads\/2017\/04\/quai-1980-768x396.jpg 768w\" sizes=\"(max-width: 800px) 100vw, 800px\" \/><figcaption id=\"caption-attachment-386\" class=\"wp-caption-text\">Quai, 1980<\/figcaption><\/figure>\n<figure id=\"attachment_390\" aria-describedby=\"caption-attachment-390\" style=\"width: 525px\" class=\"wp-caption alignnone\"><img loading=\"lazy\" class=\"size-full wp-image-390\" src=\"\/wp-content\/uploads\/2017\/04\/quai-ouest-1992.jpg\" alt=\"Quai Ouest, 1992\" width=\"525\" height=\"800\" srcset=\"https:\/\/www.marinanewrichmond.com\/wp-content\/uploads\/2017\/04\/quai-ouest-1992.jpg 525w, https:\/\/www.marinanewrichmond.com\/wp-content\/uploads\/2017\/04\/quai-ouest-1992-197x300.jpg 197w\" sizes=\"(max-width: 525px) 100vw, 525px\" \/><figcaption id=\"caption-attachment-390\" class=\"wp-caption-text\">Quai Ouest, 1992<\/figcaption><\/figure>\n<figure id=\"attachment_389\" aria-describedby=\"caption-attachment-389\" style=\"width: 800px\" class=\"wp-caption alignnone\"><img loading=\"lazy\" class=\"size-full wp-image-389\" src=\"\/wp-content\/uploads\/2017\/04\/quai-ouest-1992-b.jpg\" alt=\"Quai Ouest, 1992\" width=\"800\" height=\"763\" srcset=\"https:\/\/www.marinanewrichmond.com\/wp-content\/uploads\/2017\/04\/quai-ouest-1992-b.jpg 800w, https:\/\/www.marinanewrichmond.com\/wp-content\/uploads\/2017\/04\/quai-ouest-1992-b-300x286.jpg 300w, https:\/\/www.marinanewrichmond.com\/wp-content\/uploads\/2017\/04\/quai-ouest-1992-b-768x732.jpg 768w\" sizes=\"(max-width: 800px) 100vw, 800px\" \/><figcaption id=\"caption-attachment-389\" class=\"wp-caption-text\">Quai Ouest, 1992<\/figcaption><\/figure>\n<figure id=\"attachment_388\" aria-describedby=\"caption-attachment-388\" style=\"width: 800px\" class=\"wp-caption alignnone\"><img loading=\"lazy\" class=\"size-large wp-image-388\" src=\"\/wp-content\/uploads\/2017\/04\/quai-ouest-1992-a.jpg\" alt=\"Quai Ouest, 1992\" width=\"800\" height=\"522\" srcset=\"https:\/\/www.marinanewrichmond.com\/wp-content\/uploads\/2017\/04\/quai-ouest-1992-a.jpg 800w, https:\/\/www.marinanewrichmond.com\/wp-content\/uploads\/2017\/04\/quai-ouest-1992-a-300x196.jpg 300w, https:\/\/www.marinanewrichmond.com\/wp-content\/uploads\/2017\/04\/quai-ouest-1992-a-768x501.jpg 768w\" sizes=\"(max-width: 800px) 100vw, 800px\" \/><figcaption id=\"caption-attachment-388\" class=\"wp-caption-text\">Quai Ouest, 1992<\/figcaption><\/figure>\n<figure id=\"attachment_387\" aria-describedby=\"caption-attachment-387\" style=\"width: 794px\" class=\"wp-caption alignnone\"><img loading=\"lazy\" class=\"size-full wp-image-387\" src=\"\/wp-content\/uploads\/2017\/04\/quai-1992.jpg\" alt=\"Quai, 1992\" width=\"794\" height=\"800\" srcset=\"https:\/\/www.marinanewrichmond.com\/wp-content\/uploads\/2017\/04\/quai-1992.jpg 794w, https:\/\/www.marinanewrichmond.com\/wp-content\/uploads\/2017\/04\/quai-1992-150x150.jpg 150w, https:\/\/www.marinanewrichmond.com\/wp-content\/uploads\/2017\/04\/quai-1992-298x300.jpg 298w, https:\/\/www.marinanewrichmond.com\/wp-content\/uploads\/2017\/04\/quai-1992-768x774.jpg 768w\" sizes=\"(max-width: 794px) 100vw, 794px\" \/><figcaption id=\"caption-attachment-387\" class=\"wp-caption-text\">Quai, 1992<\/figcaption><\/figure>\n<figure id=\"attachment_368\" aria-describedby=\"caption-attachment-368\" style=\"width: 801px\" class=\"wp-caption alignnone\"><img loading=\"lazy\" class=\"size-full wp-image-368\" src=\"\/wp-content\/uploads\/2017\/04\/2002a.jpg\" alt=\"Marina, 2002\" width=\"801\" height=\"534\" srcset=\"https:\/\/www.marinanewrichmond.com\/wp-content\/uploads\/2017\/04\/2002a.jpg 801w, https:\/\/www.marinanewrichmond.com\/wp-content\/uploads\/2017\/04\/2002a-300x200.jpg 300w, https:\/\/www.marinanewrichmond.com\/wp-content\/uploads\/2017\/04\/2002a-768x512.jpg 768w\" sizes=\"(max-width: 801px) 100vw, 801px\" \/><figcaption id=\"caption-attachment-368\" class=\"wp-caption-text\">Marina, 2002<\/figcaption><\/figure>\n<figure id=\"attachment_369\" aria-describedby=\"caption-attachment-369\" style=\"width: 801px\" class=\"wp-caption alignnone\"><img loading=\"lazy\" class=\"size-full wp-image-369\" src=\"\/wp-content\/uploads\/2017\/04\/2002b.jpg\" alt=\"Marina, 2002\" width=\"801\" height=\"534\" srcset=\"https:\/\/www.marinanewrichmond.com\/wp-content\/uploads\/2017\/04\/2002b.jpg 801w, https:\/\/www.marinanewrichmond.com\/wp-content\/uploads\/2017\/04\/2002b-300x200.jpg 300w, https:\/\/www.marinanewrichmond.com\/wp-content\/uploads\/2017\/04\/2002b-768x512.jpg 768w\" sizes=\"(max-width: 801px) 100vw, 801px\" \/><figcaption id=\"caption-attachment-369\" class=\"wp-caption-text\">Marina, 2002<\/figcaption><\/figure>\n<figure id=\"attachment_370\" aria-describedby=\"caption-attachment-370\" style=\"width: 800px\" class=\"wp-caption alignnone\"><img loading=\"lazy\" class=\"size-full wp-image-370\" src=\"\/wp-content\/uploads\/2017\/04\/2004c.jpg\" alt=\"Marina, 2004\" width=\"800\" height=\"530\" srcset=\"https:\/\/www.marinanewrichmond.com\/wp-content\/uploads\/2017\/04\/2004c.jpg 800w, https:\/\/www.marinanewrichmond.com\/wp-content\/uploads\/2017\/04\/2004c-300x199.jpg 300w, https:\/\/www.marinanewrichmond.com\/wp-content\/uploads\/2017\/04\/2004c-768x509.jpg 768w\" sizes=\"(max-width: 800px) 100vw, 800px\" \/><figcaption id=\"caption-attachment-370\" class=\"wp-caption-text\">Marina, 2004<\/figcaption><\/figure>\n<figure id=\"attachment_362\" aria-describedby=\"caption-attachment-362\" style=\"width: 800px\" class=\"wp-caption alignnone\"><img loading=\"lazy\" class=\"size-full wp-image-362\" src=\"\/wp-content\/uploads\/2017\/04\/15sept04_b.jpg\" alt=\"Marina, 15 sept. 2004\" width=\"800\" height=\"530\" srcset=\"https:\/\/www.marinanewrichmond.com\/wp-content\/uploads\/2017\/04\/15sept04_b.jpg 800w, https:\/\/www.marinanewrichmond.com\/wp-content\/uploads\/2017\/04\/15sept04_b-300x199.jpg 300w, https:\/\/www.marinanewrichmond.com\/wp-content\/uploads\/2017\/04\/15sept04_b-768x509.jpg 768w\" sizes=\"(max-width: 800px) 100vw, 800px\" \/><figcaption id=\"caption-attachment-362\" class=\"wp-caption-text\">Marina, 15 sept. 2004<\/figcaption><\/figure>\n<figure id=\"attachment_363\" aria-describedby=\"caption-attachment-363\" style=\"width: 800px\" class=\"wp-caption alignnone\"><img loading=\"lazy\" class=\"size-full wp-image-363\" src=\"\/wp-content\/uploads\/2017\/04\/20sept_04a.jpg\" alt=\"Marina, 20 sept. 2004\" width=\"800\" height=\"530\" srcset=\"https:\/\/www.marinanewrichmond.com\/wp-content\/uploads\/2017\/04\/20sept_04a.jpg 800w, https:\/\/www.marinanewrichmond.com\/wp-content\/uploads\/2017\/04\/20sept_04a-300x199.jpg 300w, https:\/\/www.marinanewrichmond.com\/wp-content\/uploads\/2017\/04\/20sept_04a-768x509.jpg 768w\" sizes=\"(max-width: 800px) 100vw, 800px\" \/><figcaption id=\"caption-attachment-363\" class=\"wp-caption-text\">Marina, 20 sept. 2004<\/figcaption><\/figure>\n<figure id=\"attachment_371\" aria-describedby=\"caption-attachment-371\" style=\"width: 800px\" class=\"wp-caption alignnone\"><img loading=\"lazy\" class=\"size-full wp-image-371\" src=\"\/wp-content\/uploads\/2017\/04\/2004d.jpg\" alt=\"Marina, hiver 2004\" width=\"800\" height=\"518\" srcset=\"https:\/\/www.marinanewrichmond.com\/wp-content\/uploads\/2017\/04\/2004d.jpg 800w, https:\/\/www.marinanewrichmond.com\/wp-content\/uploads\/2017\/04\/2004d-300x194.jpg 300w, https:\/\/www.marinanewrichmond.com\/wp-content\/uploads\/2017\/04\/2004d-768x497.jpg 768w\" sizes=\"(max-width: 800px) 100vw, 800px\" \/><figcaption id=\"caption-attachment-371\" class=\"wp-caption-text\">Marina, hiver 2004<\/figcaption><\/figure>\n<figure id=\"attachment_375\" aria-describedby=\"caption-attachment-375\" style=\"width: 800px\" class=\"wp-caption alignnone\"><img loading=\"lazy\" class=\"size-full wp-image-375\" src=\"\/wp-content\/uploads\/2017\/04\/2006e.jpg\" alt=\"Marina, 2006\" width=\"800\" height=\"600\" srcset=\"https:\/\/www.marinanewrichmond.com\/wp-content\/uploads\/2017\/04\/2006e.jpg 800w, https:\/\/www.marinanewrichmond.com\/wp-content\/uploads\/2017\/04\/2006e-300x225.jpg 300w, https:\/\/www.marinanewrichmond.com\/wp-content\/uploads\/2017\/04\/2006e-768x576.jpg 768w\" sizes=\"(max-width: 800px) 100vw, 800px\" \/><figcaption id=\"caption-attachment-375\" class=\"wp-caption-text\">Marina, 2006<\/figcaption><\/figure>\n<figure id=\"attachment_376\" aria-describedby=\"caption-attachment-376\" style=\"width: 800px\" class=\"wp-caption alignnone\"><img loading=\"lazy\" class=\"size-full wp-image-376\" src=\"\/wp-content\/uploads\/2017\/04\/2007a.jpg\" alt=\"Travaux, 2007\" width=\"800\" height=\"533\" srcset=\"https:\/\/www.marinanewrichmond.com\/wp-content\/uploads\/2017\/04\/2007a.jpg 800w, https:\/\/www.marinanewrichmond.com\/wp-content\/uploads\/2017\/04\/2007a-300x200.jpg 300w, https:\/\/www.marinanewrichmond.com\/wp-content\/uploads\/2017\/04\/2007a-768x512.jpg 768w\" sizes=\"(max-width: 800px) 100vw, 800px\" \/><figcaption id=\"caption-attachment-376\" class=\"wp-caption-text\">Travaux, 2007<\/figcaption><\/figure>\n<figure id=\"attachment_377\" aria-describedby=\"caption-attachment-377\" style=\"width: 800px\" class=\"wp-caption alignnone\"><img loading=\"lazy\" class=\"size-full wp-image-377\" src=\"\/wp-content\/uploads\/2017\/04\/2007b.jpg\" alt=\"Marina, 2007\" width=\"800\" height=\"533\" srcset=\"https:\/\/www.marinanewrichmond.com\/wp-content\/uploads\/2017\/04\/2007b.jpg 800w, https:\/\/www.marinanewrichmond.com\/wp-content\/uploads\/2017\/04\/2007b-300x200.jpg 300w, https:\/\/www.marinanewrichmond.com\/wp-content\/uploads\/2017\/04\/2007b-768x512.jpg 768w\" sizes=\"(max-width: 800px) 100vw, 800px\" \/><figcaption id=\"caption-attachment-377\" class=\"wp-caption-text\">Marina, 2007<\/figcaption><\/figure>\n<figure id=\"attachment_378\" aria-describedby=\"caption-attachment-378\" style=\"width: 800px\" class=\"wp-caption alignnone\"><img loading=\"lazy\" class=\"size-full wp-image-378\" src=\"\/wp-content\/uploads\/2017\/04\/2011a.jpg\" alt=\"Travaux, 2011\" width=\"800\" height=\"533\" srcset=\"https:\/\/www.marinanewrichmond.com\/wp-content\/uploads\/2017\/04\/2011a.jpg 800w, https:\/\/www.marinanewrichmond.com\/wp-content\/uploads\/2017\/04\/2011a-300x200.jpg 300w, https:\/\/www.marinanewrichmond.com\/wp-content\/uploads\/2017\/04\/2011a-768x512.jpg 768w\" sizes=\"(max-width: 800px) 100vw, 800px\" \/><figcaption id=\"caption-attachment-378\" class=\"wp-caption-text\">Travaux, 2011<\/figcaption><\/figure>\n<figure id=\"attachment_379\" aria-describedby=\"caption-attachment-379\" style=\"width: 800px\" class=\"wp-caption alignnone\"><img loading=\"lazy\" class=\"size-full wp-image-379\" src=\"\/wp-content\/uploads\/2017\/04\/2011b.jpg\" alt=\"Travaux, 2011\" width=\"800\" height=\"600\" srcset=\"https:\/\/www.marinanewrichmond.com\/wp-content\/uploads\/2017\/04\/2011b.jpg 800w, https:\/\/www.marinanewrichmond.com\/wp-content\/uploads\/2017\/04\/2011b-300x225.jpg 300w, https:\/\/www.marinanewrichmond.com\/wp-content\/uploads\/2017\/04\/2011b-768x576.jpg 768w\" sizes=\"(max-width: 800px) 100vw, 800px\" \/><figcaption id=\"caption-attachment-379\" class=\"wp-caption-text\">Travaux, 2011<\/figcaption><\/figure>\n<figure id=\"attachment_380\" aria-describedby=\"caption-attachment-380\" style=\"width: 800px\" class=\"wp-caption alignnone\"><img loading=\"lazy\" class=\"size-full wp-image-380\" src=\"\/wp-content\/uploads\/2017\/04\/2011c.jpg\" alt=\"Travaux, 2011\" width=\"800\" height=\"600\" srcset=\"https:\/\/www.marinanewrichmond.com\/wp-content\/uploads\/2017\/04\/2011c.jpg 800w, https:\/\/www.marinanewrichmond.com\/wp-content\/uploads\/2017\/04\/2011c-300x225.jpg 300w, https:\/\/www.marinanewrichmond.com\/wp-content\/uploads\/2017\/04\/2011c-768x576.jpg 768w\" sizes=\"(max-width: 800px) 100vw, 800px\" \/><figcaption id=\"caption-attachment-380\" class=\"wp-caption-text\">Travaux, 2011<\/figcaption><\/figure>\n<figure id=\"attachment_381\" aria-describedby=\"caption-attachment-381\" style=\"width: 800px\" class=\"wp-caption alignnone\"><img loading=\"lazy\" class=\"size-full wp-image-381\" src=\"\/wp-content\/uploads\/2017\/04\/2012.jpg\" alt=\"Marina, 2012\" width=\"800\" height=\"532\" srcset=\"https:\/\/www.marinanewrichmond.com\/wp-content\/uploads\/2017\/04\/2012.jpg 800w, https:\/\/www.marinanewrichmond.com\/wp-content\/uploads\/2017\/04\/2012-300x200.jpg 300w, https:\/\/www.marinanewrichmond.com\/wp-content\/uploads\/2017\/04\/2012-768x511.jpg 768w\" sizes=\"(max-width: 800px) 100vw, 800px\" \/><figcaption id=\"caption-attachment-381\" class=\"wp-caption-text\">Marina, 2012<\/figcaption><\/figure>\n","protected":false},"excerpt":{"rendered":"<p>Historique du Club Nautique de New Richmond Le premier quai construit \u00e0 New Richmond \u00e9tait utilis\u00e9 par les p\u00eacheurs et servait d&rsquo;abri au remorqueur, le Greta Vanderbulcke, utilis\u00e9 pour la drave et le flottage du bois vers les pulperies du Nouveau-Brunswick. Le Greta aurait coul\u00e9 en 1969 attach\u00e9 au quai. On y retrouvait aussi un [&hellip;]<\/p>\n","protected":false},"author":1,"featured_media":0,"parent":186,"menu_order":1,"comment_status":"closed","ping_status":"closed","template":"","meta":[],"_links":{"self":[{"href":"https:\/\/www.marinanewrichmond.com\/index.php\/wp-json\/wp\/v2\/pages\/49"}],"collection":[{"href":"https:\/\/www.marinanewrichmond.com\/index.php\/wp-json\/wp\/v2\/pages"}],"about":[{"href":"https:\/\/www.marinanewrichmond.com\/index.php\/wp-json\/wp\/v2\/types\/page"}],"author":[{"embeddable":true,"href":"https:\/\/www.marinanewrichmond.com\/index.php\/wp-json\/wp\/v2\/users\/1"}],"replies":[{"embeddable":true,"href":"https:\/\/www.marinanewrichmond.com\/index.php\/wp-json\/wp\/v2\/comments?post=49"}],"version-history":[{"count":35,"href":"https:\/\/www.marinanewrichmond.com\/index.php\/wp-json\/wp\/v2\/pages\/49\/revisions"}],"predecessor-version":[{"id":721,"href":"https:\/\/www.marinanewrichmond.com\/index.php\/wp-json\/wp\/v2\/pages\/49\/revisions\/721"}],"up":[{"embeddable":true,"href":"https:\/\/www.marinanewrichmond.com\/index.php\/wp-json\/wp\/v2\/pages\/186"}],"wp:attachment":[{"href":"https:\/\/www.marinanewrichmond.com\/index.php\/wp-json\/wp\/v2\/media?parent=49"}],"curies":[{"name":"wp","href":"https:\/\/api.w.org\/{rel}","templated":true}]}}