{"id":578,"date":"2020-07-08T21:19:11","date_gmt":"2020-07-09T01:19:11","guid":{"rendered":"http:\/\/www.marinanewrichmond.com\/?page_id=578"},"modified":"2023-08-30T09:35:19","modified_gmt":"2023-08-30T13:35:19","slug":"actualites","status":"publish","type":"page","link":"https:\/\/www.marinanewrichmond.com\/index.php\/actualites\/","title":{"rendered":"Actualit\u00e9s"},"content":{"rendered":"<p><img loading=\"lazy\" class=\"alignnone size-full wp-image-581 aligncenter\" src=\"http:\/\/www.marinanewrichmond.com\/wp-content\/uploads\/2020\/07\/CNNR-logo-petit-50.jpg\" alt=\"CNNR logo petit 50\" width=\"171\" height=\"160\" \/><\/p>\n<p style=\"text-align: center;\">158, Chemin-du Port, New Richmond, (Qu\u00e9bec)\u00a0 G0C 2B0<\/p>\n<p>Bonjour \u00e0 tous,<\/p>\n<p>Voici la situation des services offerts au CNNR \u00e0 l\u2019heure du COVID !<\/p>\n<p>Officiellement la marina est ouverte depuis le 1er juin.<\/p>\n<p>Bien entendu, les services sont quelque peu restreints. Cependant, les mesures<\/p>\n<p>sanitaires r\u00e9gionales \u00e9volutives pourront sans doute all\u00e9ger certaines interdictions durant la p\u00e9riode estivale.<\/p>\n<p>Voici ce qui est permis actuellement :<\/p>\n<p>&#8211;\u00a0\u00a0 Les membres peuvent mettre leur embarcation \u00e0 l\u2019eau;<\/p>\n<p>&#8211; \u00a0 Les bateaux visiteurs sont accept\u00e9s;<\/p>\n<p>&#8211; \u00a0 La rampe de mise \u00e0 l\u2019eau est accessible \u00e0 tous;<\/p>\n<p>&#8211; \u00a0 Du personnel est sur place de 8 h \u00e0 18 h pour les services et les renseignements;<\/p>\n<p>&#8211; \u00a0 De l\u2019affichage sur les r\u00e8gles \u00e0 suivre et des stations de d\u00e9sinfections sont en place. Merci de les respecter.<\/p>\n<p>Malheureusement, il nous est interdit actuellement de permettre l&rsquo;acc\u00e8s aux emplacements suivants :<\/p>\n<p>&#8211; \u00a0 La capitainerie, la terrasse et le bar sont ferm\u00e9s pour la saison;<\/p>\n<p>&#8211; \u00a0 Les locations de salle ne sont pas possible.<\/p>\n<p>Bien s\u00fbr, la p\u00eache sportive sur le quai est permise n\u00e9anmoins cette infrastructure rel\u00e8ve de la responsabilit\u00e9 de la Ville de New Richmond.<\/p>\n<p>Voil\u00e0 o\u00f9 nous en sommes pr\u00e9sentement. Restez \u00e0 l&rsquo;affut !!<\/p>\n<p>Nous vous informerons p\u00e9riodiquement s\u2019il y a de nouveaux d\u00e9veloppements.<\/p>\n<p>Sur ce passez un bel \u00e9t\u00e9 et bon vent !<\/p>\n","protected":false},"excerpt":{"rendered":"<p>158, Chemin-du Port, New Richmond, (Qu\u00e9bec)\u00a0 G0C 2B0 Bonjour \u00e0 tous, Voici la situation des services offerts au CNNR \u00e0 l\u2019heure du COVID ! Officiellement la marina est ouverte depuis le 1er juin. Bien entendu, les services sont quelque peu restreints. Cependant, les mesures sanitaires r\u00e9gionales \u00e9volutives pourront sans doute all\u00e9ger certaines interdictions durant la [&hellip;]<\/p>\n","protected":false},"author":1,"featured_media":0,"parent":0,"menu_order":0,"comment_status":"closed","ping_status":"closed","template":"","meta":[],"_links":{"self":[{"href":"https:\/\/www.marinanewrichmond.com\/index.php\/wp-json\/wp\/v2\/pages\/578"}],"collection":[{"href":"https:\/\/www.marinanewrichmond.com\/index.php\/wp-json\/wp\/v2\/pages"}],"about":[{"href":"https:\/\/www.marinanewrichmond.com\/index.php\/wp-json\/wp\/v2\/types\/page"}],"author":[{"embeddable":true,"href":"https:\/\/www.marinanewrichmond.com\/index.php\/wp-json\/wp\/v2\/users\/1"}],"replies":[{"embeddable":true,"href":"https:\/\/www.marinanewrichmond.com\/index.php\/wp-json\/wp\/v2\/comments?post=578"}],"version-history":[{"count":2,"href":"https:\/\/www.marinanewrichmond.com\/index.php\/wp-json\/wp\/v2\/pages\/578\/revisions"}],"predecessor-version":[{"id":699,"href":"https:\/\/www.marinanewrichmond.com\/index.php\/wp-json\/wp\/v2\/pages\/578\/revisions\/699"}],"wp:attachment":[{"href":"https:\/\/www.marinanewrichmond.com\/index.php\/wp-json\/wp\/v2\/media?parent=578"}],"curies":[{"name":"wp","href":"https:\/\/api.w.org\/{rel}","templated":true}]}}