{"id":601,"date":"2021-02-13T18:02:58","date_gmt":"2021-02-13T22:02:58","guid":{"rendered":"http:\/\/www.marinanewrichmond.com\/?page_id=601"},"modified":"2026-02-17T21:54:03","modified_gmt":"2026-02-18T01:54:03","slug":"tableau-tarification-2026","status":"publish","type":"page","link":"https:\/\/www.marinanewrichmond.com\/index.php\/tableau-tarification-2026\/","title":{"rendered":"Tarifs 2026"},"content":{"rendered":"<p style=\"text-align: center;\"><a href=\"http:\/\/www.marinanewrichmond.com\/index.php\/actualites\/cnnr-logo-petit\/\" rel=\"attachment wp-att-580\"><img loading=\"lazy\" class=\"wp-image-580 alignright\" src=\"http:\/\/www.marinanewrichmond.com\/wp-content\/uploads\/2020\/07\/CNNR-logo-petit.jpg\" alt=\"CNNR logo petit\" width=\"199\" height=\"186\" srcset=\"https:\/\/www.marinanewrichmond.com\/wp-content\/uploads\/2020\/07\/CNNR-logo-petit.jpg 341w, https:\/\/www.marinanewrichmond.com\/wp-content\/uploads\/2020\/07\/CNNR-logo-petit-300x281.jpg 300w\" sizes=\"(max-width: 199px) 100vw, 199px\" \/><\/a><\/p>\n<p style=\"text-align: center;\">\n<p style=\"text-align: center;\">\n<h3 style=\"text-align: left;\"><strong>Tarification\u00a0<\/strong><\/h3>\n<p><strong>Part sociale (non-remboursable)<br \/>\n<\/strong>600 $ ou 3 X 200 $ en 3 ans<\/p>\n<p><strong>Fond de pr\u00e9voyance<br \/>\n<\/strong>150 $ par ann\u00e9e<\/p>\n<p><strong>Cotisation annuelle (membership)<br \/>\n<\/strong>225 $ par ann\u00e9e<\/p>\n<p><strong>Quaiage<br \/>\n<\/strong>17,00 $ du pied<\/p>\n<p><strong>Remisage pour les membres<br \/>\n<\/strong>\u00a0Toute l\u2019ann\u00e9e : 125 $<\/p>\n<p><strong>Remisage pour les non-membres<br \/>\n<\/strong>Hiver : 500 $<br \/>\n\u00c9t\u00e9 : 250 $<\/p>\n<p><strong>Compensation pour absence de corv\u00e9es de pontons<\/strong> (non taxable) : 75 $<\/p>\n<p><strong>Corv\u00e9e d\u2019entretien annuelle : 60<\/strong> $ (remboursable 60 $ par jour travaill\u00e9)<\/p>\n<p><strong>Quaiage pour bateau visiteur<\/strong>\u00a0(taxes incluses) :<br \/>\n30 pieds et moins : 55 $ (chaque pied additionnel : 1,25 $ suppl\u00e9mentaire)<br \/>\n4 nuits cumulatives\u00a0: 5<sup>e<\/sup> nuit gratuite<\/p>\n<p><strong>Tarif mensuel<br \/>\n<\/strong>\u00a030 pieds et moins : 750 $ (chaque pied additionnel : 18,00 $ suppl\u00e9mentaire)<\/p>\n<p><strong>Acc\u00e8s \u00e0 la rampe de mise \u00e0 l\u2019eau<br \/>\n<\/strong>25 $ pour 1 mise \u00e0 l\u2019eau<br \/>\n100 $ pour la saison<br \/>\n200 $ pour la saison commerciale<\/p>\n","protected":false},"excerpt":{"rendered":"<p>Tarification\u00a0 Part sociale (non-remboursable) 600 $ ou 3 X 200 $ en 3 ans Fond de pr\u00e9voyance 150 $ par ann\u00e9e Cotisation annuelle (membership) 225 $ par ann\u00e9e Quaiage 17,00 $ du pied Remisage pour les membres \u00a0Toute l\u2019ann\u00e9e : 125 $ Remisage pour les non-membres Hiver : 500 $ \u00c9t\u00e9 : 250 $ Compensation [&hellip;]<\/p>\n","protected":false},"author":1,"featured_media":0,"parent":0,"menu_order":0,"comment_status":"closed","ping_status":"closed","template":"","meta":[],"_links":{"self":[{"href":"https:\/\/www.marinanewrichmond.com\/index.php\/wp-json\/wp\/v2\/pages\/601"}],"collection":[{"href":"https:\/\/www.marinanewrichmond.com\/index.php\/wp-json\/wp\/v2\/pages"}],"about":[{"href":"https:\/\/www.marinanewrichmond.com\/index.php\/wp-json\/wp\/v2\/types\/page"}],"author":[{"embeddable":true,"href":"https:\/\/www.marinanewrichmond.com\/index.php\/wp-json\/wp\/v2\/users\/1"}],"replies":[{"embeddable":true,"href":"https:\/\/www.marinanewrichmond.com\/index.php\/wp-json\/wp\/v2\/comments?post=601"}],"version-history":[{"count":20,"href":"https:\/\/www.marinanewrichmond.com\/index.php\/wp-json\/wp\/v2\/pages\/601\/revisions"}],"predecessor-version":[{"id":769,"href":"https:\/\/www.marinanewrichmond.com\/index.php\/wp-json\/wp\/v2\/pages\/601\/revisions\/769"}],"wp:attachment":[{"href":"https:\/\/www.marinanewrichmond.com\/index.php\/wp-json\/wp\/v2\/media?parent=601"}],"curies":[{"name":"wp","href":"https:\/\/api.w.org\/{rel}","templated":true}]}}